{"id":16,"date":"2016-09-19T10:44:02","date_gmt":"2016-09-19T08:44:02","guid":{"rendered":"http:\/\/www.la-javerniere.fr\/?page_id=16"},"modified":"2023-07-28T18:49:09","modified_gmt":"2023-07-28T16:49:09","slug":"votre-maison-de-campagne","status":"publish","type":"page","link":"https:\/\/www.la-javerniere.fr\/index.php\/votre-maison-de-campagne\/","title":{"rendered":"Votre maison de campagne"},"content":{"rendered":"<div class=\"contenu\"><strong>Au Domaine Morgon la Javerni\u00e8re, <\/strong> vivez<strong> &#8220;comme \u00e0 l&#8217;h\u00f4tel&#8221;<\/strong> dans une maison de ma\u00eetre du 18<sup>\u00e8me<\/sup> si\u00e8cle, <strong>restaur\u00e9e avec go\u00fbt.<\/strong><br \/>\nProfitez du calme du Domaine, au coin du feu dans ses <strong>salons cocooning<\/strong> ou dans son<strong> jardin<\/strong> face \u00e0 son <strong>panorama exceptionnel<\/strong> sur le vignoble, la vall\u00e9e de la Sa\u00f4ne et le Mont-Blanc. Le Domaine est <strong>enti\u00e8rement privatis\u00e9<\/strong>, vos d\u00e9sirs sont notre priorit\u00e9. Vos repas sont r\u00e9alis\u00e9s, selon vos envies et vos go\u00fbts, par un <strong>chef \u00e0 domicile<\/strong> ou <strong>des prestataires de qualit\u00e9<\/strong> s\u00e9lectionn\u00e9s par nos soins.<br \/>\nLes<strong> chambres de grand confort<\/strong> disposent toutes de lit double, salle d&#8217;eau, sanitaire et wifi illlimit\u00e9.L\u2019\u00e9t\u00e9, vous pourrez profiter du<strong> bassin de nage de 18 m\u00e8tres de long.<\/strong><\/p>\n<p>Au coeur du Beaujolais, un <strong>rendez-vous privil\u00e9gi\u00e9 en terres de vignes.<\/strong><\/p>\n<\/div>\n<div class=\"detail\"><a id=\"plus3\"><\/a>Plus de d\u00e9tails<\/div>\n","protected":false},"excerpt":{"rendered":"<p>Au Domaine Morgon la Javerni\u00e8re, vivez &#8220;comme \u00e0 l&#8217;h\u00f4tel&#8221; dans une maison de ma\u00eetre du 18\u00e8me si\u00e8cle, restaur\u00e9e avec go\u00fbt. Profitez du calme du Domaine, au coin du feu dans ses salons cocooning ou dans son jardin face \u00e0 son &hellip;<\/p>\n<p class=\"read-more\"> <a class=\"more-link\" href=\"https:\/\/www.la-javerniere.fr\/index.php\/votre-maison-de-campagne\/\"> <span class=\"screen-reader-text\">Votre maison de campagne<\/span> Read More &raquo;<\/a><\/p>\n","protected":false},"author":1,"featured_media":0,"parent":0,"menu_order":0,"comment_status":"closed","ping_status":"closed","template":"","meta":[],"featured_image_src":"","featured_image_src_square":false,"rbea_author_info":{"display_name":"admin","author_link":"https:\/\/www.la-javerniere.fr\/index.php\/author\/admin\/"},"rbea_excerpt_info":"Au Domaine Morgon la Javerni\u00e8re, vivez &#8220;comme \u00e0 l&#8217;h\u00f4tel&#8221; dans une maison de ma\u00eetre du 18\u00e8me si\u00e8cle, restaur\u00e9e avec go\u00fbt. Profitez du calme du Domaine, au coin du feu dans ses salons cocooning ou dans son jardin face \u00e0 son &hellip;<p class=\"read-more\"> <a class=\"more-link\" href=\"https:\/\/www.la-javerniere.fr\/index.php\/votre-maison-de-campagne\/\"> <span class=\"screen-reader-text\">Votre maison de campagne<\/span> Read More &raquo;<\/a><\/p>","_links":{"self":[{"href":"https:\/\/www.la-javerniere.fr\/index.php\/wp-json\/wp\/v2\/pages\/16"}],"collection":[{"href":"https:\/\/www.la-javerniere.fr\/index.php\/wp-json\/wp\/v2\/pages"}],"about":[{"href":"https:\/\/www.la-javerniere.fr\/index.php\/wp-json\/wp\/v2\/types\/page"}],"author":[{"embeddable":true,"href":"https:\/\/www.la-javerniere.fr\/index.php\/wp-json\/wp\/v2\/users\/1"}],"replies":[{"embeddable":true,"href":"https:\/\/www.la-javerniere.fr\/index.php\/wp-json\/wp\/v2\/comments?post=16"}],"version-history":[{"count":21,"href":"https:\/\/www.la-javerniere.fr\/index.php\/wp-json\/wp\/v2\/pages\/16\/revisions"}],"predecessor-version":[{"id":490,"href":"https:\/\/www.la-javerniere.fr\/index.php\/wp-json\/wp\/v2\/pages\/16\/revisions\/490"}],"wp:attachment":[{"href":"https:\/\/www.la-javerniere.fr\/index.php\/wp-json\/wp\/v2\/media?parent=16"}],"curies":[{"name":"wp","href":"https:\/\/api.w.org\/{rel}","templated":true}]}}